{"id":234,"date":"2020-06-25T11:51:33","date_gmt":"2020-06-25T11:51:33","guid":{"rendered":"https:\/\/botiga.museudelferrocarril.org\/?post_type=product&#038;p=234"},"modified":"2026-04-08T16:24:54","modified_gmt":"2026-04-08T16:24:54","slug":"historia-grafica-del-ferrocarril-en-espana-tomo-iv-2","status":"publish","type":"product","link":"https:\/\/botiga.museudelferrocarril.org\/?product=historia-grafica-del-ferrocarril-en-espana-tomo-iv-2","title":{"rendered":"HISTORIA GR\u00c1FICA DEL FERROCARRIL EN ESPA\u00d1A TOMO IV"},"content":{"rendered":"<p>Recopilaci\u00f3n de fotograf\u00edas a\u00f1os 1939-1949 del &#8220;Archivo de la Fundaci\u00f3n de los Ferrocarriles Espa\u00f1oles&#8221; y otros archivos hist\u00f3ricos. Castellano<\/p>\n","protected":false},"excerpt":{"rendered":"<p>Recopilaci\u00f3n de fotograf\u00edas a\u00f1os 1939-1949 del &#8220;Archivo de la Fundaci\u00f3n de los Ferrocarriles Espa\u00f1oles&#8221; y otros archivos hist\u00f3ricos. Castellano<\/p>\n","protected":false},"featured_media":233,"comment_status":"open","ping_status":"closed","template":"","meta":{"_acf_changed":false,"jetpack_publicize_message":"","jetpack_publicize_feature_enabled":true,"jetpack_social_post_already_shared":false,"jetpack_social_options":{"image_generator_settings":{"template":"highway","default_image_id":0,"font":"","enabled":false},"version":2}},"product_brand":[],"product_cat":[22],"product_tag":[],"class_list":{"0":"post-234","1":"product","2":"type-product","3":"status-publish","4":"has-post-thumbnail","6":"product_cat-publicacions","7":"product_shipping_class-envio-estandar","9":"first","10":"outofstock","11":"taxable","12":"shipping-taxable","13":"purchasable","14":"product-type-simple"},"acf":[],"jetpack_publicize_connections":[],"jetpack_sharing_enabled":true,"_links":{"self":[{"href":"https:\/\/botiga.museudelferrocarril.org\/index.php?rest_route=\/wp\/v2\/product\/234","targetHints":{"allow":["GET"]}}],"collection":[{"href":"https:\/\/botiga.museudelferrocarril.org\/index.php?rest_route=\/wp\/v2\/product"}],"about":[{"href":"https:\/\/botiga.museudelferrocarril.org\/index.php?rest_route=\/wp\/v2\/types\/product"}],"replies":[{"embeddable":true,"href":"https:\/\/botiga.museudelferrocarril.org\/index.php?rest_route=%2Fwp%2Fv2%2Fcomments&post=234"}],"wp:featuredmedia":[{"embeddable":true,"href":"https:\/\/botiga.museudelferrocarril.org\/index.php?rest_route=\/wp\/v2\/media\/233"}],"wp:attachment":[{"href":"https:\/\/botiga.museudelferrocarril.org\/index.php?rest_route=%2Fwp%2Fv2%2Fmedia&parent=234"}],"wp:term":[{"taxonomy":"product_brand","embeddable":true,"href":"https:\/\/botiga.museudelferrocarril.org\/index.php?rest_route=%2Fwp%2Fv2%2Fproduct_brand&post=234"},{"taxonomy":"product_cat","embeddable":true,"href":"https:\/\/botiga.museudelferrocarril.org\/index.php?rest_route=%2Fwp%2Fv2%2Fproduct_cat&post=234"},{"taxonomy":"product_tag","embeddable":true,"href":"https:\/\/botiga.museudelferrocarril.org\/index.php?rest_route=%2Fwp%2Fv2%2Fproduct_tag&post=234"}],"curies":[{"name":"wp","href":"https:\/\/api.w.org\/{rel}","templated":true}]}}